hest common factor of 856829 and 25433.
877
Calculate the greatest common divisor of 1369 and 7007467.
37
What is the greatest common factor of 60892960 and 180?
20
What is the greatest common divisor of 17077025 and 175?
175
What is the greatest common factor of 1889 and 139712329?
1889
Calculate the greatest common divisor of 2335686 and 85692.
1158
What is the highest common divisor of 78865850 and 776?
194
What is the highest common factor of 240 and 15355056?
48
Calculate the highest common factor of 25799072 and 78.
26
Calculate the greatest common factor of 89115 and 299335.
2285
Calculate the highest common factor of 79475924 and 2013.
671
Calculate the greatest common factor of 2422 and 6937300.
346
What is the highest common factor of 1710 and 45052572?
114
What is the greatest common factor of 117 and 788541?
39
What is the greatest common factor of 2312 and 10147912?
136
What is the highest common divisor of 304 and 71462477?
19
Calculate the greatest common divisor of 43203932 and 173116.
1532
Calculate the highest common factor of 2181849 and 3749.
23
Calculate the highest common factor of 4828 and 2793848.
68
What is the highest common divisor of 2708 and 16408449?
677
What is the highest common factor of 7140 and 24429?
51
What is the highest common divisor of 25716672 and 360?
72
Calculate the greatest common divisor of 40620393 and 165.
33
Calculate the greatest common factor of 66 and 4900401.
33
What is the greatest common factor of 61 and 182905694?
61
Calculate the highest common factor of 27 and 35177355.
27
What is the greatest common divisor of 599863 and 445533?
253
Calculate the highest common divisor of 4261400 and 23320.
440
What is the greatest common factor of 37460 and 1840460?
20
What is the greatest common divisor of 2824 and 7715874?
706
What is the highest common factor of 4674392288 and 281?
281
Calculate the highest common divisor of 768999 and 1617.
231
Calculate the highest common divisor of 173505185 and 5680.
355
What is the highest common divisor of 57205197 and 1029?
1029
Calculate the greatest common divisor of 9168 and 169787540.
764
Calculate the highest common factor of 321833622 and 726.
726
What is the highest common divisor of 53683762 and 292?
146
What is the highest common divisor of 1624866 and 232448?
454
Calculate the highest common factor of 5000 and 3200.
200
Calculate the greatest common factor of 8293461 and 13431.
363
What is the greatest common factor of 1360 and 1423440?
80
Calculate the greatest common factor of 62100 and 47932.
92
Calculate the highest common divisor of 2767271 and 104.
13
What is the greatest common factor of 437616 and 1206?
18
Calculate the greatest common divisor of 17680 and 1875185.
1105
Calculate the greatest common divisor of 481476525 and 75.
75
Calculate the greatest common factor of 107555 and 680.
5
What is the greatest common factor of 1179394 and 2208?
46
Calculate the greatest common divisor of 29373348 and 1644.
1644
What is the highest common factor of 16 and 4846000?
16
What is the greatest common factor of 72272 and 2416?
16
Calculate the highest common factor of 15208 and 66723199.
1901
Calculate the greatest common factor of 100523 and 8.
1
What is the greatest common divisor of 876086199 and 243?
243
Calculate the greatest common factor of 392049 and 2401.
343
What is the highest common divisor of 1647720 and 810?
90
Calculate the greatest common divisor of 12666962 and 2973.
991
Calculate the greatest common divisor of 3045 and 215863095.
3045
Calculate the highest common divisor of 506827842 and 215.
43
What is the highest common factor of 2446795021 and 11?
11
Calculate the highest common divisor of 145835436 and 428.
428
What is the greatest common factor of 908370 and 1458?
18
Calculate the greatest common factor of 166020 and 3750.
30
Calculate the greatest common factor of 12222 and 5788863.
873
Calculate the greatest common factor of 7273760 and 670592.
5408
Calculate the highest common divisor of 15744115 and 1094660.
5585
What is the greatest common divisor of 79812 and 215136?
108
Calculate the highest common factor of 240079710 and 10140.
5070
What is the highest common factor of 26598038 and 9622?
566
Calculate the highest common divisor of 14929695 and 9405.
495
What is the greatest common divisor of 1105660 and 40?
20
What is the highest common factor of 989 and 146441?
23
Calculate the highest common factor of 124889640 and 60.
60
Calculate the greatest common factor of 398 and 2929877.
199
What is the greatest common divisor of 13671250 and 21250?
1250
Calculate the highest common factor of 7685 and 35748010.
145
What is the greatest common divisor of 22 and 94207311?
11
Calculate the greatest common divisor of 394792 and 43686.
1618
Calculate the highest common divisor of 350655482 and 1446.
482
What is the greatest common factor of 94830 and 1122?
6
Calculate the greatest common factor of 1067300 and 550550.
650
Calculate the highest common divisor of 11070 and 9584406.
2214
What is the highest common divisor of 30087 and 2565?
9
What is the greatest common divisor of 652094 and 4756?
58
Calculate the greatest common divisor of 324400 and 933200.
400
Calculate the highest common factor of 910 and 643244.
14
What is the highest common divisor of 22009 and 57411323?
1693
What is the highest common divisor of 20 and 24317870?
10
What is the greatest common factor of 471001 and 5245?
1049
What is the highest common divisor of 262 and 354211424?
262
What is the highest common factor of 12356 and 58336?
4
What is the greatest common factor of 27 and 4956849?
27
What is the greatest common factor of 31620 and 19522560?
1860
What is the highest common factor of 247 and 14222697?
19
Calculate the highest common factor of 5800 and 109401920.
1160
What is the greatest common divisor of 302 and 216601648?
302
Calculate the highest common factor of 16 and 27186728.
8
What is the highest common divisor of 29 and 2225837?
29
What is the highest common divisor of 37258070 and 90?
10
What is the greatest common factor of 6913641 and 37293?
1203
What is the highest common factor of 207661155 and 78?
39
Calculate the highest common divisor of 13505 and 6771480.
365
What is the highest common factor of 4000105 and 50107?
89
What is the greatest common factor of 2280 and 3251585?
5
Calculate the greatest common divisor of 10597987 and 14195.
2839
What is the greatest common divisor of 3100225 and 75?
25
Calculate the highest common factor of 4545 and 3690.
45
Calculate the greatest common factor of 4312 and 2734984.
392
What is the greatest common factor of 5327702 and 3924?
218
Calculate the highest common factor of 3712 and 1071724.
116
Calculate the highest common factor of 11874680 and 10.
10
Calculate the highest common factor of 8892 and 1722.
6
What is the greatest common factor of 738880 and 580?
20
Calculate the highest common divisor of 1829 and 1054035.
59
Calculate the greatest common divisor of 27549024 and 192.
96
What is the greatest common factor of 22 and 2727136?
2
Calculate the greatest common divisor of 5468452 and 1147.
37
Calculate the highest common divisor of 2980684 and 14672.
28
Calculate the highest common factor of 11127053 and 8135.
1627
Calculate the greatest common divisor of 20325927 and 107529.
1473
Calculate the highest common divisor of 2055180 and 720.
60
What is the highest common divisor of 3156 and 99948?
12
Calculate the greatest common factor of 74421 and 10818.
9
Calculate the highest common factor of 5044588 and 3587.
211
Calculate the greatest common factor of 2796 and 7930388.
932
Calculate the greatest common divisor of 298085566 and 874.
874
What is the highest common divisor of 4589195 and 4771?
13
Calculate the greatest common factor of 460 and 410995855.
115
What is the greatest common factor of 10100 and 166480?
20
Calculate the greatest common factor of 22635 and 4403262.
1509
What is the greatest common factor of 36 and 59842488?
12
Calculate the highest common factor of 44573 and 657749.
29
What is the highest common divisor of 1041 and 78636?
3
Calculate the highest common divisor of 128592 and 4627526.
1786
Calculate the greatest common factor of 126 and 2731536.
18
Calculate the hig